er?
True
Is 534592313 composite?
True
Is 3918404341 a prime number?
False
Is 2000880613 prime?
True
Is 240212419 prime?
False
Is 400466047 prime?
True
Is 5180477543 a prime number?
False
Is 17745245761 a prime number?
True
Is 4378999409 prime?
True
Is 124864416947 prime?
True
Is 114239522211 a composite number?
True
Is 47059803919 a composite number?
True
Is 84705661 a composite number?
True
Is 2047033409 composite?
False
Is 110048859743 a composite number?
True
Is 4532654111 a prime number?
True
Is 4133548469 composite?
False
Is 6257021549 composite?
False
Is 174909277 prime?
False
Is 361435441 a prime number?
True
Is 834692357 composite?
True
Is 24096103 composite?
False
Is 9526108987 a prime number?
True
Is 341512229 composite?
True
Is 4744649461 composite?
True
Is 1505434967 a composite number?
False
Is 153552855803 a prime number?
True
Is 195899597 prime?
False
Is 1583406901 a composite number?
False
Is 2089227181 composite?
False
Is 117761793293 a prime number?
True
Is 2648454437 a composite number?
True
Is 14309641277 a composite number?
False
Is 9736254971 a prime number?
False
Is 6690978323 a composite number?
True
Is 17496773755 composite?
True
Is 6640751321 a composite number?
False
Is 413194549 prime?
True
Is 2234347697 prime?
True
Is 5444450993 a prime number?
False
Is 15524333459 a composite number?
False
Is 5430555331 composite?
True
Is 6508826677 a prime number?
True
Is 846450139 prime?
True
Is 18448865405 a composite number?
True
Is 289267890949 a composite number?
False
Is 392112967 a composite number?
False
Is 1121088417 composite?
True
Is 302817791 a prime number?
False
Is 2984058521 a prime number?
False
Is 129684419473 a prime number?
False
Is 874226413 composite?
True
Is 674529047 prime?
True
Is 113301553 composite?
False
Is 1316073947 a composite number?
False
Is 143323579271 a composite number?
True
Is 20306341943 prime?
False
Is 2884857155 prime?
False
Is 6681493223 a composite number?
False
Is 148548304209 prime?
False
Is 37142371943 composite?
False
Is 3670796777 prime?
False
Is 625382699 a prime number?
False
Is 567761023 prime?
True
Is 711665147 prime?
False
Is 12915371963 a prime number?
False
Is 34847739851 a prime number?
False
Is 148244250059 a prime number?
False
Is 175311413 a prime number?
True
Is 7282673021 composite?
True
Is 37089887 prime?
True
Is 33000027799 prime?
False
Is 11364318179 composite?
True
Is 17858682817 prime?
True
Is 488063945 composite?
True
Is 9996380623 a composite number?
False
Is 2597569261 prime?
False
Is 4313336099 prime?
True
Is 8703832409 composite?
True
Is 2109960137 a composite number?
False
Is 4510983415 prime?
False
Is 30607193 composite?
False
Is 15750082199 a prime number?
True
Is 5005247603 a composite number?
True
Is 181962063429 composite?
True
Is 20783008379 composite?
True
Is 50167607891 prime?
True
Is 239707763891 composite?
True
Is 5227518251 composite?
True
Is 16662317461 a composite number?
False
Is 236040261 a prime number?
False
Is 7097143529 prime?
False
Is 15917706851 a composite number?
True
Is 3026445557 a prime number?
True
Is 16360361 a composite number?
False
Is 29227008119 a composite number?
True
Is 263917947 prime?
False
Is 218090573 prime?
True
Is 413034157 prime?
False
Is 44663477741 a composite number?
False
Is 742434449 a prime number?
True
Is 3769596109 composite?
True
Is 34394254529 prime?
True
Is 254532235883 a composite number?
False
Is 17307861 a composite number?
True
Is 39105730331 a composite number?
False
Is 101794157 a composite number?
False
Is 1545118745 a prime number?
False
Is 7883342419 composite?
False
Is 14565371882 prime?
False
Is 2193372433 prime?
False
Is 6469261801 a prime number?
False
Is 5492153995 a composite number?
True
Is 3460382153 prime?
False
Is 80906269 a composite number?
False
Is 37242835819 a composite number?
True
Is 418568298469 a prime number?
False
Is 63805917343 a prime number?
False
Is 48419044789 composite?
True
Is 65039267 a composite number?
False
Is 11323596059 a composite number?
True
Is 851342941 a prime number?
False
Is 11053574789 a prime number?
True
Is 3926909377 a prime number?
False
Is 1951347001 a composite number?
False
Is 65919005 a prime number?
False
Is 1015553222 a prime number?
False
Is 96055386631 composite?
False
Is 5221708537 a prime number?
True
Is 23874088871 a composite number?
True
Is 1298575829 prime?
False
Is 15831755318 a prime number?
False
Is 693027031 a prime number?
False
Is 1187636339 a composite number?
False
Is 245541772141 prime?
True
Is 2597587283 prime?
False
Is 82270229185 composite?
True
Is 991598437 prime?
False
Is 126498163537 a prime number?
True
Is 8014396349 a composite number?
False
Is 1914883747 prime?
False
Is 2236155341 prime?
False
Is 224682461 a prime number?
True
Is 2469751337 a composite number?
False
Is 6756586279 composite?
False
Is 2609822959 a composite number?
True
Is 7043741371 composite?
False
Is 1446296353 a composite number?
False
Is 47547194483 composite?
False
Is 20909541283 composite?
True
Is 3452445571 a prime number?
False
Is 23958788257 a prime number?
False
Is 27189523 composite?
True
Is 213829333 a prime number?
False
Is 32459094587 a prime number?
False
Is 20126962021 prime?
False
Is 394251679 a composite number?
False
Is 400705189 a prime number?
True
Is 1538108393 a composite number?
False
Is 38974163243 a prime number?
False
Is 4254941417 a prime number?
False
Is 238338913 a prime number?
True
Is 47294910581 a prime number?
True
Is 4650507041 a prime number?
False
Is 1726998859 prime?
True
Is 3246396409 a prime number?
True
Is 62601481133 composite?
True
Is 14254301 prime?
False
Is 1916529971 composite?
False
Is 4731413447 a prime number?
True
Is 3859227413 prime?
True
Is 996691093 a prime number?
True
Is 295305836521 prime?
True
Is 130457442683 prime?
True
Is 509881993 a prime number?
False
Is 36992966419 a prime number?
False
Is 72141708029 a composite number?
True
Is 132772457759 composite?
True
Is 1471413997 composite?
True
Is 52108781057 a composite number?
False
Is 30076783717 a composite number?
True
Is 17161379 a prime number?
True
Is 2752160443 composite?
True
Is 52954136141 a prime number?
True
Is 463493994371 composite?
False
Is 7133057441 a prime number?
False
Is 26855035135 prime?
False
Is 1261417123 prime?
True
Is 232871129 a composite number?
False
Is 843394681 a prime number?
False
Is 732978011 a composite number?
False
Is 300569 a prime number?
True
Is 40394233543 a prime number?
True
Is 186292577461 a composite number?
False
Is 6022632827 a composite number?
False
Is 652339837 composite?
True
Is 24790008289 composite?
True
Is 6788383885 prime?
False
Is 11178264893 prime?
True
Is 628647541 composite?
True
Is 463025237 composite?
False
Is 340016441 composite?
False
Is 11168448959 composite?
False
Is 505915811 a prime number?
True
Is 1728407983 composite?
True
Is 798327527 prime?
False
Is 103847101 prime?
False
Is 44479694923 a prime number?
True
Is 12436050203 a composite number?
True
Is 19092223 a prime number?
False
Is 883220113 a composite number?
False
Is 3714837019 composite?
True
Is 21383774795 a composite number?
True
Is 2823798071 composite?
False
Is 3032723503 composite?
False
Is 989317157 composite?
True
Is 45977139869 a composite number?
False
Is 29192363107 composite?
True
Is 3958733789 prime?
True
Is 22681856903 composite?
False
Is 18014543137 a prime number?
True
Is 4291352267 a composite number?
False
Is 21649061815 a composite number?
True
Is 27339592567 a prime number?
False
Is 11635978997 a composite number?
True
Is 2140905311 a prime number?
True
Is 4658424767 prime?
True
Is 14201914943 a composite number?
True
Is 7401540271 composite?
False
Is 43786202429 a composite number?
True
Is 778100707 prime?
True
Is 331854113931 a prime number?
False
Is 244876039 a prime number?
False
Is 6643402369 prime?
True
Is 171692024545 a composite number?
True
Is 1268470831 a prime number?
True
Is 5367004399 prime?
False
Is 787398463 composite?
True
Is 16975878503 prime?
True
Is 83070719 prime?
True
Is 1503802609 composite?
True
Is 96994405093 prime?
True
Is 4239627143 composite?
False
Is 30198337331 a composite number?
True
Is 112108529303 a prime number?
False
Is 9908851 a prime number?
True
Is 36789339269 prime?
